9, 9709639
List the prime factors of 151993436.
2, 7, 401, 13537
What are the prime factors of 3055940798?
2, 1527970399
What are the prime factors of 419922105?
3, 5, 27994807
What are the prime factors of 6746423860?
2, 5, 11, 19, 37, 181, 241
What are the prime factors of 1392539243?
19961, 69763
What are the prime factors of 2019271491?
3, 557, 134269
List the prime factors of 64340473.
29, 239, 9283
List the prime factors of 159615352.
2, 13, 19, 80777
List the prime factors of 469118581.
469118581
What are the prime factors of 1292633847?
3, 163, 881141
What are the prime factors of 45572895?
3, 5, 89, 3793
What are the prime factors of 5090772459?
3, 23, 73779311
List the prime factors of 2535934602.
2, 3, 31, 79, 172583
What are the prime factors of 52710262?
2, 11, 19801
What are the prime factors of 114324742?
2, 7, 1166579
List the prime factors of 45655486.
2, 22827743
What are the prime factors of 601068156?
2, 3, 13, 853, 4517
List the prime factors of 1870112226.
2, 3, 43, 7248497
What are the prime factors of 68916866?
2, 37, 931309
What are the prime factors of 1423711365?
3, 5, 94914091
List the prime factors of 157284216.
2, 3, 2184503
What are the prime factors of 57871155?
3, 5, 1619, 2383
What are the prime factors of 29016512?
2, 7, 239, 271
List the prime factors of 10412622.
2, 3, 11, 43, 1223
What are the prime factors of 47566675?
5, 13, 146359
List the prime factors of 2783152289.
19037, 146197
List the prime factors of 739342285.
5, 11, 2441, 5507
What are the prime factors of 268469408?
2, 8389669
List the prime factors of 92484873.
3, 13, 31, 43, 593
List the prime factors of 262196670.
2, 3, 5, 89, 283, 347
What are the prime factors of 1062734466?
2, 3, 177122411
What are the prime factors of 33771432?
2, 3, 1407143
List the prime factors of 3464101212.
2, 3, 11, 13, 827, 2441
List the prime factors of 27117547.
27117547
What are the prime factors of 3934713?
3, 701, 1871
List the prime factors of 67390277.
67390277
List the prime factors of 1294435405.
5, 258887081
List the prime factors of 1299204309.
3, 13, 101, 227, 1453
List the prime factors of 257929335.
3, 5, 29, 197647
What are the prime factors of 490141991?
47, 79, 101, 1307
What are the prime factors of 1578760333?
263, 6002891
List the prime factors of 77970547.
19, 4103713
List the prime factors of 338262487.
338262487
List the prime factors of 205515350.
2, 5, 23, 173, 1033
List the prime factors of 1195909411.
97, 1163, 10601
What are the prime factors of 47756865?
3, 5, 13, 18839
List the prime factors of 990691499.
7, 3911, 36187
List the prime factors of 609627159.
3, 67736351
What are the prime factors of 48127114?
2, 7, 19, 25847
List the prime factors of 72086310.
2, 3, 5, 800959
List the prime factors of 494729249.
7, 73, 968159
List the prime factors of 1537041060.
2, 3, 5, 17, 502301
List the prime factors of 46395112.
2, 19, 305231
What are the prime factors of 3743042738?
2, 1871521369
What are the prime factors of 1971331881?
3, 31, 21197117
What are the prime factors of 268598955?
3, 5, 239, 74923
List the prime factors of 391491448.
2, 281, 349, 499
List the prime factors of 1774975928.
2, 11, 31, 103, 6317
What are the prime factors of 127839588?
2, 3, 37, 83, 3469
List the prime factors of 46317707.
17, 53, 51407
List the prime factors of 558275450.
2, 5, 43, 103, 2521
What are the prime factors of 33857884?
2, 53, 159707
List the prime factors of 49705281.
3, 5522809
What are the prime factors of 1007623193?
61, 16518413
List the prime factors of 229717691.
7, 32816813
List the prime factors of 41517962.
2, 43, 482767
What are the prime factors of 564211008?
2, 3, 29, 139
List the prime factors of 37210702.
2, 19, 979229
What are the prime factors of 1141290485?
5, 79, 2889343
What are the prime factors of 3018074579?
13, 1867, 124349
List the prime factors of 421967426.
2, 210983713
What are the prime factors of 96219717?
3, 11, 283, 10303
What are the prime factors of 81784649?
101, 809749
What are the prime factors of 955458224?
2, 7, 677, 12601
List the prime factors of 2053304582.
2, 7, 89, 1647917
What are the prime factors of 325619826?
2, 3, 7, 7752853
What are the prime factors of 254159625?
3, 5, 29, 23371
List the prime factors of 162364666.
2, 81182333
List the prime factors of 1744925282.
2, 719, 1213439
What are the prime factors of 161300518?
2, 23, 53, 66161
List the prime factors of 204538686.
2, 3, 11, 19, 163109
List the prime factors of 62614839.
3, 7, 743, 4013
What are the prime factors of 269900880?
2, 3, 5, 31, 36277
List the prime factors of 173050547.
173050547
List the prime factors of 110142636.
2, 3, 37, 359, 691
List the prime factors of 5991013352.
2, 257, 1249, 2333
What are the prime factors of 325407528?
2, 3, 19, 127, 1873
List the prime factors of 232948689.
3, 89, 9803
List the prime factors of 1368364188.
2, 3, 29, 135589
List the prime factors of 91966759.
91966759
List the prime factors of 74886943.
74886943
What are the prime factors of 515013500?
2, 5, 1030027
What are the prime factors of 1278878245?
5, 67, 239, 15973
List the prime factors of 2989019088.
2, 3, 11, 373, 5059
What are the prime factors of 40065874?
2, 20032937
List the prime factors of 5384158572.
2, 3, 13, 34513837
What are the prime factors of 368084941?
7, 52583563
List the prime factors of 45746198.
2, 3187, 7177
List the prime factors of 30087136.
2, 940223
List the prime factors of 22929075.
3, 5, 13, 67
List the prime factors of 2853473159.
1319, 2163361
List the prime factors of 8342992.
2, 7, 163, 457
List the prime factors of 327956450.
2, 5, 149, 44021
What are the prime factors of 2370626471?
2370626471
What are the prime factors of 361822148?
2, 90455537
What are the prime factors of 50053977?
3, 61, 30391
List the prime factors of 143782450.
2, 5, 7, 410807
What are the prime factors of 222315689?
13799, 16111
What are the prime factors of 63184445?
5, 2767, 4567
List the prime factors of 2346413972.
2, 7, 83800499
What are the prime factors of 19378886?
2, 9689443
What are the prime factors of 6264456550?
2, 5, 11, 11389921
List the prime factors of 49298128.
2, 11, 280103
What are the prime factors of 14989628?
2, 43, 87149
List the prime factors of 77479772.
2, 1453, 13331
List the prime factors of 305517597.
3, 7, 11, 188941
What are the prime factors of 3559074153?
3, 7151, 165901
List the prime factors of 213918795.
3, 5, 367, 12953
What are the prime factors of 28313620?
2, 5, 1415681
List the prime factors of 251842686.
2, 3, 23, 1824947
List the prime factors of 661087614.
2, 3, 11, 139, 6551
List the prime factors of 3271546173.
3, 7, 29, 73, 73589
What are the prime factors of 49518328?
2, 6189791
What are the prime factors of 619405182?
2, 3, 11, 1453, 2153
List the prime factors of 77408299.
19, 43, 94747
What are the prime factors of 232372204?
2, 19, 257, 11897
List the prime factors of 307639209.
3, 8093, 12671
List the prime factors of 3031610175.
3, 5, 11, 1224893
List the prime factors of 567475860.
2, 3, 5, 7, 251, 769
List the prime factors of 611396545.
5, 1033, 118373
What are the prime factors of 1716262108?
2, 11, 29, 1345033
What are the prime factors of 49342092?
2, 3, 17, 241873
List the prime factors of 445419072.
2, 3, 7, 61, 1811
What are the prime factors of 24628525?
5, 89, 11069
List the prime factors of 113248077.
3, 443, 85213
What are the prime factors of 560465846?
2, 761, 368243
List the prime factors of 226281988.
2, 97, 643, 907
What are the prime factors of 271799251?
1721, 157931
List the prime factors of 23704382.
2, 13, 911707
List the prime factors of 50526281.
13, 3886637
What are the prime factors of 1696213851?
3, 137, 839, 4919
List the prime factors of 2855924188.
2, 13, 131, 419249
What are the prime factors of 778881619?
79, 277, 35593
What are the prime factors of 3305874383?
7, 17, 27780457
What are the prime factors of 5287277687?
19, 359, 775147
What are the prime factors of 5374598?
2, 691, 3889
What are the prime factors of 33470123?
503, 66541
List the prime factors of 689119355.
5, 137823871
What are the prime factors of 200401850?
2, 5, 11, 41, 8887
What are the prime factors of 193642861?
11071, 17491
List the prime factors of 9257642.
2, 4